{"id":2812,"date":"2026-04-26T17:05:07","date_gmt":"2026-04-26T15:05:07","guid":{"rendered":"https:\/\/jeunechoeurhautsdefrance.org\/?page_id=2812"},"modified":"2026-04-26T18:44:54","modified_gmt":"2026-04-26T16:44:54","slug":"recrutement","status":"publish","type":"page","link":"https:\/\/jeunechoeurhautsdefrance.org\/index.php\/recrutement\/","title":{"rendered":"Recrutement"},"content":{"rendered":"\n<h3 class=\"wp-block-heading\"><strong>VOTRE ENFANT AIME CHANTER ? LE JEUNE CH\u0152UR DES HAUTS-DE-FRANCE RECRUTE<\/strong> <strong>DE NOUVEAUX CHORISTES.<\/strong><\/h3>\n\n\n\n<p>Votre enfant a entre&nbsp;<strong>5 et 20 ans<\/strong>, il aime chanter, donnez-lui la possibilit\u00e9 de vivre une aventure musicale exigeante et passionnante.<\/p>\n\n\n\n<h3 class=\"wp-block-heading\">Une exp\u00e9rience artistique unique<\/h3>\n\n\n\n<p>Int\u00e9grer le Jeune Ch\u0153ur des Hauts-de-France, c\u2019est rejoindre un ensemble dynamique et ambitieux, encadr\u00e9 par des professionnels sous la direction de <a href=\"https:\/\/jeunechoeurhautsdefrance.org\/index.php\/2026\/02\/21\/2728\/\">Pascale Dieval-Wils<\/a>. Chaque saison, le ch\u0153ur participe \u00e0 des projets vari\u00e9s m\u00ealant\u00a0<strong>r\u00e9pertoire choral, musique classique, cr\u00e9ations contemporaines<\/strong>\u00a0et <strong>collaborations sc\u00e9niques<\/strong>.<\/p>\n\n\n\n<h3 class=\"wp-block-heading\">Un ch\u0153ur formateur et professionnalisant<\/h3>\n\n\n\n<p>Au sein du Jeune Ch\u0153ur, chaque choriste d\u00e9veloppe :<\/p>\n\n\n\n<ul>\n<li>sa technique vocale et son aisance musicale,<\/li>\n\n\n\n<li>son \u00e9coute et son sens du collectif,<\/li>\n\n\n\n<li>son exp\u00e9rience de la sc\u00e8ne,<\/li>\n\n\n\n<li>sa capacit\u00e9 \u00e0 travailler un r\u00e9pertoire exigeant.<\/li>\n<\/ul>\n\n\n\n<p>Il \u00e9volue dans un cadre stimulant, o\u00f9 la rigueur artistique se conjugue avec l\u2019esprit d\u2019\u00e9quipe et le plaisir de chanter ensemble.<\/p>\n\n\n\n<h3 class=\"wp-block-heading\">Une v\u00e9ritable exp\u00e9rience de la sc\u00e8ne<\/h3>\n\n\n\n<p>Le Jeune choeur des Hauts-de-France participe tout au long de l\u2019ann\u00e9e \u00e0 des projets professionnels sur des sc\u00e8nes nationales et internationales comme l\u2019Op\u00e9ra de Lille, l\u2019Orchestre National de Lille, la Philharmonie de Paris, l\u2019Atelier Lyrique de Tourcoing, etc. (<a href=\"https:\/\/jeunechoeurhautsdefrance.org\/index.php\/category\/agenda\/\" data-type=\"link\" data-id=\"https:\/\/jeunechoeurhautsdefrance.org\/index.php\/category\/agenda\/\">Voir l&rsquo;agenda<\/a>)<\/p>\n\n\n\n<h2 class=\"wp-block-heading\">Notre fonctionnement<\/h2>\n\n\n\n<p>Les r\u00e9p\u00e9titions ont lieu tous les samedis \u00e0 l\u2019\u00e9cole de musique de Bondues.<\/p>\n\n\n\n<div class=\"wp-block-group is-vertical is-layout-flex wp-container-core-group-is-layout-2 wp-block-group-is-layout-flex\">\n<div class=\"wp-block-group\"><div class=\"wp-block-group__inner-container is-layout-constrained wp-block-group-is-layout-constrained\">\n<ul>\n<li>Ch\u0153ur Pr\u00e9paratoire 1 : de 10h30 \u00e0 12h<\/li>\n<\/ul>\n\n\n\n<ul>\n<li>Ch\u0153ur Pr\u00e9paratoire 2 : de 11h15 \u00e0 13h<\/li>\n<\/ul>\n\n\n\n<ul>\n<li>Jeune Ch\u0153ur 1 : de 13h \u00e0 15h<\/li>\n<\/ul>\n\n\n\n<ul>\n<li>Jeune Ch\u0153ur 2 : de 14h \u00e0 16h30<\/li>\n<\/ul>\n<\/div><\/div>\n<\/div>\n\n\n\n<p>Des frais p\u00e9dagogiques annuels sont demand\u00e9s en d\u00e9but d\u2019ann\u00e9e scolaire, ainsi qu\u2019une adh\u00e9sion (par famille) \u00e0 l\u2019association du Jeune Ch\u0153ur des Hauts-de-France.<\/p>\n\n\n\n<h3 class=\"wp-block-heading\">Comment s&rsquo;inscrire ?<\/h3>\n\n\n\n<p>Pour faire acte de candidature remplissez le formulaire ci-dessous. <\/p>\n\n\n\n<p>Une rencontre-audition (environ 20mn) lui sera propos\u00e9e entre fin juin et d\u00e9but juillet. Le futur choriste devra (selon ses capacit\u00e9s) lire un court texte, chanter un extrait de chant qu\u2019il affectionne (peu importe le style) et faire quelques jeux rythmiques et vocaux.<\/p>\n\n\n\n<div class=\"wp-block-contact-form-7-contact-form-selector\"><div role=\"form\" class=\"wpcf7\" id=\"wpcf7-f2821-o1\" lang=\"fr-FR\" dir=\"ltr\">\n<div class=\"screen-reader-response\"><p role=\"status\" aria-live=\"polite\" aria-atomic=\"true\"><\/p> <ul><\/ul><\/div>\n<form action=\"\/index.php\/wp-json\/wp\/v2\/pages\/2812#wpcf7-f2821-o1\" method=\"post\" class=\"wpcf7-form init\" novalidate=\"novalidate\" data-status=\"init\">\n<div style=\"display: none;\">\n<input type=\"hidden\" name=\"_wpcf7\" value=\"2821\" \/>\n<input type=\"hidden\" name=\"_wpcf7_version\" value=\"5.5.6\" \/>\n<input type=\"hidden\" name=\"_wpcf7_locale\" value=\"fr_FR\" \/>\n<input type=\"hidden\" name=\"_wpcf7_unit_tag\" value=\"wpcf7-f2821-o1\" \/>\n<input type=\"hidden\" name=\"_wpcf7_container_post\" value=\"0\" \/>\n<input type=\"hidden\" name=\"_wpcf7_posted_data_hash\" value=\"\" \/>\n<\/div>\n<p><label> Pr\u00e9nom et nom<br \/>\n    <span class=\"wpcf7-form-control-wrap your-name\"><input type=\"text\" name=\"your-name\" value=\"\" size=\"100\" class=\"wpcf7-form-control wpcf7-text wpcf7-validates-as-required\" aria-required=\"true\" aria-invalid=\"false\" \/><\/span> <\/label><\/p>\n<p><label> E-mail<br \/>\n    <span class=\"wpcf7-form-control-wrap your-email\"><input type=\"email\" name=\"your-email\" value=\"\" size=\"100\" class=\"wpcf7-form-control wpcf7-text wpcf7-email wpcf7-validates-as-required wpcf7-validates-as-email\" aria-required=\"true\" aria-invalid=\"false\" \/><\/span> <\/label><\/p>\n<p><label> Coordonn\u00e9es postales<br \/>\n    <span class=\"wpcf7-form-control-wrap your-subject\"><input type=\"text\" name=\"your-subject\" value=\"\" size=\"100\" class=\"wpcf7-form-control wpcf7-text wpcf7-validates-as-required\" aria-required=\"true\" aria-invalid=\"false\" \/><\/span> <\/label><\/p>\n<p><label> T\u00e9l\u00e9phone portable<br \/>\n    <span class=\"wpcf7-form-control-wrap your-subject\"><input type=\"text\" name=\"your-subject\" value=\"\" size=\"100\" class=\"wpcf7-form-control wpcf7-text wpcf7-validates-as-required\" aria-required=\"true\" aria-invalid=\"false\" \/><\/span> <\/label><\/p>\n<p><label> Pr\u00e9nom et nom du jeune choriste<br \/>\n    <span class=\"wpcf7-form-control-wrap your-name\"><input type=\"text\" name=\"your-name\" value=\"\" size=\"100\" class=\"wpcf7-form-control wpcf7-text wpcf7-validates-as-required\" aria-required=\"true\" aria-invalid=\"false\" \/><\/span> <\/label><\/p>\n<p><label> Date de naissance, \u00e2ge, classe du jeune choriste<br \/>\n    <span class=\"wpcf7-form-control-wrap your-name\"><input type=\"text\" name=\"your-name\" value=\"\" size=\"100\" class=\"wpcf7-form-control wpcf7-text wpcf7-validates-as-required\" aria-required=\"true\" aria-invalid=\"false\" \/><\/span> <\/label><\/p>\n<p><label> Votre enfant a-t-il\/elle une pratique musicale ? Si oui, laquelle, depuis quand et dans quel \u00e9tablissement ?<br \/>\n    <span class=\"wpcf7-form-control-wrap your-message\"><textarea name=\"your-message\" cols=\"100\" rows=\"10\" class=\"wpcf7-form-control wpcf7-textarea wpcf7-validates-as-required\" aria-required=\"true\" aria-invalid=\"false\"><\/textarea><\/span> <\/label><\/p>\n<p><label> Votre message<br \/>\n    <span class=\"wpcf7-form-control-wrap your-message\"><textarea name=\"your-message\" cols=\"100\" rows=\"10\" class=\"wpcf7-form-control wpcf7-textarea wpcf7-validates-as-required\" aria-required=\"true\" aria-invalid=\"false\"><\/textarea><\/span> <\/label><\/p>\n<p>Merci, nous vous recontacterons rapidement<\/p>\n<p><input type=\"submit\" value=\"Envoyer\" class=\"wpcf7-form-control has-spinner wpcf7-submit\" \/><\/p>\n<div class=\"wpcf7-response-output\" aria-hidden=\"true\"><\/div><\/form><\/div><\/div>\n\n\n\n<a class=\"btn btn-lg btn-theme-primary\" style=\"background-color:#537ad1; color:white; padding : 10px; font-weight : bold\" href=\"\/#Infos Pratiques\">Retour<\/a>\n","protected":false},"excerpt":{"rendered":"<p>Recrutement des nouveaux choristes<\/p>\n","protected":false},"author":5,"featured_media":0,"parent":0,"menu_order":0,"comment_status":"closed","ping_status":"closed","template":"","meta":{"footnotes":""},"_links":{"self":[{"href":"https:\/\/jeunechoeurhautsdefrance.org\/index.php\/wp-json\/wp\/v2\/pages\/2812"}],"collection":[{"href":"https:\/\/jeunechoeurhautsdefrance.org\/index.php\/wp-json\/wp\/v2\/pages"}],"about":[{"href":"https:\/\/jeunechoeurhautsdefrance.org\/index.php\/wp-json\/wp\/v2\/types\/page"}],"author":[{"embeddable":true,"href":"https:\/\/jeunechoeurhautsdefrance.org\/index.php\/wp-json\/wp\/v2\/users\/5"}],"replies":[{"embeddable":true,"href":"https:\/\/jeunechoeurhautsdefrance.org\/index.php\/wp-json\/wp\/v2\/comments?post=2812"}],"version-history":[{"count":20,"href":"https:\/\/jeunechoeurhautsdefrance.org\/index.php\/wp-json\/wp\/v2\/pages\/2812\/revisions"}],"predecessor-version":[{"id":2834,"href":"https:\/\/jeunechoeurhautsdefrance.org\/index.php\/wp-json\/wp\/v2\/pages\/2812\/revisions\/2834"}],"wp:attachment":[{"href":"https:\/\/jeunechoeurhautsdefrance.org\/index.php\/wp-json\/wp\/v2\/media?parent=2812"}],"curies":[{"name":"wp","href":"https:\/\/api.w.org\/{rel}","templated":true}]}}

<h3 class="wp-block-heading"><strong>VOTRE ENFANT AIME CHANTER ? LE JEUNE CHŒUR DES HAUTS-DE-FRANCE RECRUTE</strong> <strong>DE NOUVEAUX CHORISTES.</strong></h3>



<p>Votre enfant a entre&nbsp;<strong>5 et 20 ans</strong>, il aime chanter, donnez-lui la possibilité de vivre une aventure musicale exigeante et passionnante.</p>



<h3 class="wp-block-heading">Une expérience artistique unique</h3>



<p>Intégrer le Jeune Chœur des Hauts-de-France, c’est rejoindre un ensemble dynamique et ambitieux, encadré par des professionnels sous la direction de <a href="https://jeunechoeurhautsdefrance.org/index.php/2026/02/21/2728/">Pascale Dieval-Wils</a>. Chaque saison, le chœur participe à des projets variés mêlant <strong>répertoire choral, musique classique, créations contemporaines</strong> et <strong>collaborations scéniques</strong>.</p>



<h3 class="wp-block-heading">Un chœur formateur et professionnalisant</h3>



<p>Au sein du Jeune Chœur, chaque choriste développe :</p>



<ul>
<li>sa technique vocale et son aisance musicale,</li>



<li>son écoute et son sens du collectif,</li>



<li>son expérience de la scène,</li>



<li>sa capacité à travailler un répertoire exigeant.</li>
</ul>



<p>Il évolue dans un cadre stimulant, où la rigueur artistique se conjugue avec l’esprit d’équipe et le plaisir de chanter ensemble.</p>



<h3 class="wp-block-heading">Une véritable expérience de la scène</h3>



<p>Le Jeune choeur des Hauts-de-France participe tout au long de l’année à des projets professionnels sur des scènes nationales et internationales comme l’Opéra de Lille, l’Orchestre National de Lille, la Philharmonie de Paris, l’Atelier Lyrique de Tourcoing, etc. (<a href="https://jeunechoeurhautsdefrance.org/index.php/category/agenda/" data-type="link" data-id="https://jeunechoeurhautsdefrance.org/index.php/category/agenda/">Voir l&rsquo;agenda</a>)</p>



<h2 class="wp-block-heading">Notre fonctionnement</h2>



<p>Les répétitions ont lieu tous les samedis à l’école de musique de Bondues.</p>



<div class="wp-block-group is-vertical is-layout-flex wp-container-core-group-is-layout-2 wp-block-group-is-layout-flex">
<div class="wp-block-group"><div class="wp-block-group__inner-container is-layout-constrained wp-block-group-is-layout-constrained">
<ul>
<li>Chœur Préparatoire 1 : de 10h30 à 12h</li>
</ul>



<ul>
<li>Chœur Préparatoire 2 : de 11h15 à 13h</li>
</ul>



<ul>
<li>Jeune Chœur 1 : de 13h à 15h</li>
</ul>



<ul>
<li>Jeune Chœur 2 : de 14h à 16h30</li>
</ul>
</div></div>
</div>



<p>Des frais pédagogiques annuels sont demandés en début d’année scolaire, ainsi qu’une adhésion (par famille) à l’association du Jeune Chœur des Hauts-de-France.</p>



<h3 class="wp-block-heading">Comment s&rsquo;inscrire ?</h3>



<p>Pour faire acte de candidature remplissez le formulaire ci-dessous. </p>



<p>Une rencontre-audition (environ 20mn) lui sera proposée entre fin juin et début juillet. Le futur choriste devra (selon ses capacités) lire un court texte, chanter un extrait de chant qu’il affectionne (peu importe le style) et faire quelques jeux rythmiques et vocaux.</p>



<div class="wp-block-contact-form-7-contact-form-selector"><div role="form" class="wpcf7" id="wpcf7-f2821-o1" lang="fr-FR" dir="ltr">
<div class="screen-reader-response"><p role="status" aria-live="polite" aria-atomic="true"></p> <ul></ul></div>
<form action="/index.php/wp-json/wp/v2/pages/2812#wpcf7-f2821-o1" method="post" class="wpcf7-form init" novalidate="novalidate" data-status="init">
<div style="display: none;">
<input type="hidden" name="_wpcf7" value="2821" />
<input type="hidden" name="_wpcf7_version" value="5.5.6" />
<input type="hidden" name="_wpcf7_locale" value="fr_FR" />
<input type="hidden" name="_wpcf7_unit_tag" value="wpcf7-f2821-o1" />
<input type="hidden" name="_wpcf7_container_post" value="0" />
<input type="hidden" name="_wpcf7_posted_data_hash" value="" />
</div>
<p><label> Prénom et nom<br />
    <span class="wpcf7-form-control-wrap your-name"><input type="text" name="your-name" value="" size="100" class="wpcf7-form-control wpcf7-text wpcf7-validates-as-required" aria-required="true" aria-invalid="false" /></span> </label></p>
<p><label> E-mail<br />
    <span class="wpcf7-form-control-wrap your-email"><input type="email" name="your-email" value="" size="100" class="wpcf7-form-control wpcf7-text wpcf7-email wpcf7-validates-as-required wpcf7-validates-as-email" aria-required="true" aria-invalid="false" /></span> </label></p>
<p><label> Coordonnées postales<br />
    <span class="wpcf7-form-control-wrap your-subject"><input type="text" name="your-subject" value="" size="100" class="wpcf7-form-control wpcf7-text wpcf7-validates-as-required" aria-required="true" aria-invalid="false" /></span> </label></p>
<p><label> Téléphone portable<br />
    <span class="wpcf7-form-control-wrap your-subject"><input type="text" name="your-subject" value="" size="100" class="wpcf7-form-control wpcf7-text wpcf7-validates-as-required" aria-required="true" aria-invalid="false" /></span> </label></p>
<p><label> Prénom et nom du jeune choriste<br />
    <span class="wpcf7-form-control-wrap your-name"><input type="text" name="your-name" value="" size="100" class="wpcf7-form-control wpcf7-text wpcf7-validates-as-required" aria-required="true" aria-invalid="false" /></span> </label></p>
<p><label> Date de naissance, âge, classe du jeune choriste<br />
    <span class="wpcf7-form-control-wrap your-name"><input type="text" name="your-name" value="" size="100" class="wpcf7-form-control wpcf7-text wpcf7-validates-as-required" aria-required="true" aria-invalid="false" /></span> </label></p>
<p><label> Votre enfant a-t-il/elle une pratique musicale ? Si oui, laquelle, depuis quand et dans quel établissement ?<br />
    <span class="wpcf7-form-control-wrap your-message"><textarea name="your-message" cols="100" rows="10" class="wpcf7-form-control wpcf7-textarea wpcf7-validates-as-required" aria-required="true" aria-invalid="false"></textarea></span> </label></p>
<p><label> Votre message<br />
    <span class="wpcf7-form-control-wrap your-message"><textarea name="your-message" cols="100" rows="10" class="wpcf7-form-control wpcf7-textarea wpcf7-validates-as-required" aria-required="true" aria-invalid="false"></textarea></span> </label></p>
<p>Merci, nous vous recontacterons rapidement</p>
<p><input type="submit" value="Envoyer" class="wpcf7-form-control has-spinner wpcf7-submit" /></p>
<div class="wpcf7-response-output" aria-hidden="true"></div></form></div></div>



<a class="btn btn-lg btn-theme-primary" style="background-color:#537ad1; color:white; padding : 10px; font-weight : bold" href="/#Infos Pratiques">Retour</a>
