{"id":135,"date":"2022-04-20T11:23:53","date_gmt":"2022-04-20T09:23:53","guid":{"rendered":"http:\/\/jeunechoeurhautsdefrance.org\/?page_id=135"},"modified":"2026-02-19T18:33:12","modified_gmt":"2026-02-19T17:33:12","slug":"mentions-legales","status":"publish","type":"page","link":"https:\/\/jeunechoeurhautsdefrance.org\/index.php\/mentions-legales\/","title":{"rendered":"Mentions l\u00e9gales"},"content":{"rendered":"\n<p>ASSOCIATION JEUNE CHOEUR DES HAUTS-DE-FRANCE<\/p>\n\n\n\n<p>Si\u00e8ge social :&nbsp;H\u00f4tel de Ville &#8211; 16 Place de l&rsquo;Abb\u00e9 Bonpain &#8211; 59910 &#8211; Bondues<\/p>\n\n\n\n<p>T\u00e9l\u00e9phone : 0622492288<\/p>\n\n\n\n<p>Directeur de publication : PASCALE DIEVAL-WILS<\/p>\n\n\n\n<p>Co-directeur de publication : MARIE THERAIN<\/p>\n\n\n\n<p>Contact : jeunechoeurhautsdefrance@gmail.com<\/p>\n","protected":false},"excerpt":{"rendered":"<p>ASSOCIATION JEUNE CHOEUR DES HAUTS-DE-FRANCE Si\u00e8ge social :&nbsp;H\u00f4tel de Ville &#8211; 16 Place de l&rsquo;Abb\u00e9 Bonpain &#8211; 59910 &#8211; Bondues T\u00e9l\u00e9phone : 0622492288 Directeur de publication : PASCALE DIEVAL-WILS Co-directeur de publication : MARIE THERAIN Contact : jeunechoeurhautsdefrance@gmail.com<\/p>\n","protected":false},"author":1,"featured_media":0,"parent":0,"menu_order":0,"comment_status":"closed","ping_status":"closed","template":"","meta":{"footnotes":""},"_links":{"self":[{"href":"https:\/\/jeunechoeurhautsdefrance.org\/index.php\/wp-json\/wp\/v2\/pages\/135"}],"collection":[{"href":"https:\/\/jeunechoeurhautsdefrance.org\/index.php\/wp-json\/wp\/v2\/pages"}],"about":[{"href":"https:\/\/jeunechoeurhautsdefrance.org\/index.php\/wp-json\/wp\/v2\/types\/page"}],"author":[{"embeddable":true,"href":"https:\/\/jeunechoeurhautsdefrance.org\/index.php\/wp-json\/wp\/v2\/users\/1"}],"replies":[{"embeddable":true,"href":"https:\/\/jeunechoeurhautsdefrance.org\/index.php\/wp-json\/wp\/v2\/comments?post=135"}],"version-history":[{"count":5,"href":"https:\/\/jeunechoeurhautsdefrance.org\/index.php\/wp-json\/wp\/v2\/pages\/135\/revisions"}],"predecessor-version":[{"id":2711,"href":"https:\/\/jeunechoeurhautsdefrance.org\/index.php\/wp-json\/wp\/v2\/pages\/135\/revisions\/2711"}],"wp:attachment":[{"href":"https:\/\/jeunechoeurhautsdefrance.org\/index.php\/wp-json\/wp\/v2\/media?parent=135"}],"curies":[{"name":"wp","href":"https:\/\/api.w.org\/{rel}","templated":true}]}}